6. What is the greatest common divisor of 50 and c?
10
Let y = 11 + 9. Suppose -2072 = -3*s - 2012. Calculate the highest common factor of s and y.
20
Suppose 4*y + 5*w = 49, 0 = -5*y + 4*w + 30 + 62. Suppose 0 = -0*b + 2*b. Suppose b = -2*i + y + 32. Calculate the highest common factor of i and 60.
12
Let j be (5/15)/(2/30). Let i(m) = -m + 2. Let g be i(1). Let k = 34 + g. Calculate the greatest common factor of k and j.
5
Let d = -179 - -188. Calculate the greatest common divisor of 144 and d.
9
Suppose 0*w + 5*s = -2*w - 7, 0 = -w + 4*s + 16. Let m(k) = -37*k + 1130. Let c be m(30). What is the greatest common factor of w and c?
4
Suppose 14*q - 9*q = 170. Suppose -4 = -q*a + 32*a. Calculate the greatest common divisor of a and 8.
2
Let s(i) = -i**2 - 11*i - 2. Let x be s(-9). Suppose -15*q + x = -7*q. What is the highest common factor of 32 and q?
2
Let w = -15 + 30. Let z(m) = 14*m - 5. Let c be z(10). Calculate the highest common factor of w and c.
15
Let l(u) = -u - 1. Let f be l(-3). Let o be -1 - 6*(-4)/f. Calculate the highest common factor of o and 88.
11
Let w = 238 + 51. Calculate the highest common divisor of w and 17.
17
Let p be 10 + 0 + 12 + -3. Let z(j) = -25*j - 5. Let s be z(6). Let u = s + 326. Calculate the highest common divisor of u and p.
19
Suppose -18*p = -13*p - 2185. What is the highest common divisor of p and 23?
23
Let j(x) = -x**3 - x**2 - 6*x + 8. Let g be j(0). Suppose 0 = i + 3*c - 32, -3*i - 5*c + 64 = -i. Calculate the greatest common divisor of i and g.
8
Let u = -16 - -8. Let n be (u/16)/((-3)/402). Calculate the greatest common factor of 536 and n.
67
Suppose 0 = -76*o - 638 + 3678. Calculate the greatest common divisor of 220 and o.
20
Let t be ((-18)/15)/(2 + 216/(-105)). Let x(b) = 3*b - 1. Let q be x(1). Suppose 0 = q*h - 116 + 32. Calculate the greatest common divisor of h and t.
21
Let q be ((-31)/403)/(1/(-65)). Suppose 4*l - 165 = l. What is the highest common factor of q and l?
5
Let g(w) = 18*w - 66. Let d be g(10). Calculate the greatest common factor of d and 38.
38
Let y(f) = -10*f - 2. Let w be y(-4). Suppose 2*x = w - 8. Let b(i) = i**3 - 16*i**2 + 14*i + 17. Let l be b(x). What is the greatest common factor of 14 and l?
2
Suppose 3*i - 4*p - 16 = i, -4*i + 41 = -5*p. Let k = 267 - 113. Calculate the greatest common divisor of i and k.
14
Let p(x) = 4*x**2 - 9*x - 13. Let a be p(-2). Let h(q) = 41*q + 2. Let d be 48/28 + (-2)/(-7). Let b be h(d). Calculate the greatest common factor of b and a.
21
Let x = 766 - 490. What is the greatest common factor of x and 345?
69
Suppose -2*t = -6*t + 108. Let s be 14/3 - (-2)/6. Let i be -7 + s - (0 - t). What is the highest common divisor of i and 5?
5
Let p = 3 + -2. Suppose 4*l + 76 = 4*w + 2*l, 2*l + 55 = 3*w. Let m = p + w. What is the greatest common factor of m and 33?
11
Let w = -344 + 440. What is the highest common factor of 30 and w?
6
Suppose -183 = 5*n + 137. Let v = 36 + n. Let l be (v/6)/(18/(-81)). What is the greatest common factor of l and 7?
7
Let s = 27 - 11. Let f = -1 - -4. Suppose f*t + 575 = 4*r + r, t = 3*r - 341. Calculate the greatest common factor of r and s.
16
Let w = -146 + 172. Let u = 8 + 57. What is the greatest common factor of u and w?
13
Let x(s) be the first derivative of -s**4/4 + 5*s**3/3 - s**2 + 3*s - 1. Let l be x(4). Suppose -l = 4*n - 27. Calculate the greatest common factor of n and 44.
4
Let y(u) = u**2 + 24*u - 1874. Let f be y(-57). Suppose -34 = -2*a - 2*d + 5*d, 64 = 5*a + 3*d. Calculate the highest common divisor of f and a.
7
Let n be 273/(-15) + 4/(-5). Let s be 5/15 + n/3. Let c = s + 11. Calculate the greatest common divisor of c and 25.
5
Let x be (150/20)/((-10)/(-40)). What is the greatest common factor of 25 and x?
5
Let a be ((-12)/(-42))/(4/56). Suppose i + 22 = 3*q, -a*q - 10*i = -5*i - 4. Calculate the greatest common divisor of q and 6.
6
Suppose 6*v = 3*v. Suppose 246 = 3*s + 3*d, v = -d - 5 + 3. Calculate the greatest common divisor of 56 and s.
28
Suppose 4*y = 2*i - 426, 5*y + 979 + 96 = 5*i. Let c be 298 - -1*(1 + -3). Suppose 6*k + 110 - c = 0. Calculate the highest common factor of i and k.
31
Let k be (-90)/(-4)*((-21)/(-15) + 1). Suppose 3*x - k + 0 = 0. Calculate the highest common divisor of x and 72.
18
Suppose -q - 1 = 2*y - 6, 2*q - 5*y - 55 = 0. Let x be 75 + (-3)/1 + 3. Calculate the highest common divisor of x and q.
15
Suppose -4*d = -0*d - 16. Let z(n) = -16*n - 146. Let g be z(-10). What is the greatest common divisor of d and g?
2
Let w(n) = 162*n - 142. Let u be w(2). What is the greatest common divisor of u and 56?
14
Let o = 1275 - 1253. What is the greatest common divisor of o and 6?
2
Let a be (-4 + 2 - -3) + 3. Let p be (0 - 1)*a*-1. Let d be p*((-27)/(-2) + -1). What is the greatest common factor of d and 10?
10
Let r be 0 + (-3 - -4) - -5. Suppose -2 = 4*d + r, -5*n - d + 283 = 0. Let b = -37 + n. What is the greatest common factor of b and 180?
20
Suppose -11*d = -5121 + 4945. What is the greatest common factor of d and 3440?
16
Let h(f) = 20*f - 2. Let y be h(1). Suppose y = 3*m - 0*m. Let g(c) = c**3 - 5*c**2 - 5*c + 9. Let i be g(m). Calculate the highest common factor of i and 10.
5
Let p = -28 - -28. Suppose -2*s + 7*s - d - 4 = 0, 3*d - 3 = p. What is the greatest common divisor of s and 4?
1
Let n = 159 + -59. Let t(o) = -o**2 - 2*o - 1. Let b be t(-1). Suppose 3*f = -b*f + 60. Calculate the greatest common factor of n and f.
20
Let k(x) = -20*x + 5. Let r be k(-4). Suppose -74 - 90 = -5*i - 2*n, 0 = -3*i + 3*n + 111. What is the greatest common factor of i and r?
17
Let l(n) = 3*n - 5. Let j be l(3). Suppose -j*z = 3*o - 31, -z + 0*z + o + 13 = 0. Calculate the greatest common factor of z and 5.
5
Let b = -21 + 35. Let v = 32 - b. Suppose 122 = 3*g - 148. What is the greatest common divisor of g and v?
18
Suppose 0 = 126*q - 127*q + 658. What is the highest common factor of q and 56?
14
Suppose 4*t + 852 = 10*t. Suppose 4*c - t = 114. What is the greatest common divisor of 8 and c?
8
Let y(i) = i**3 - 9*i**2 + i - 5. Let g be -12*1*4/(-16). Suppose -36 = -l - g*l. Let t be y(l). Calculate the greatest common divisor of 10 and t.
2
Suppose 2*l = -s + 207, 36*s = -l + 38*s + 111. Let g(b) = -b**2 + 15. Let a be g(0). What is the greatest common divisor of a and l?
15
Suppose 7*s - 2*s + 3*u - 31 = 0, 0 = 4*s - 5*u - 10. What is the highest common divisor of 15 and s?
5
Suppose -443 = 45*c - 1523. Suppose 6*u - 15 = 3*u. Let b(n) = n**2 - 2*n - 7. Let f be b(u). Calculate the highest common divisor of f and c.
8
Let t be (3/(-24))/((-1)/(-4))*-52. What is the greatest common factor of t and 247?
13
Suppose 3*x - 1779 = -4*p + p, 2*x - 1181 = 3*p. Calculate the highest common divisor of 37 and x.
37
Let m(a) = -a + 13. Let h be m(11). Suppose 126 = 2*i + i. Suppose 4*z - i = -2. What is the highest common divisor of z and h?
2
Let y = -38 - -59. Let l(z) = 11*z**2 + 5*z - 5. Let n be l(2). Let x = n - 35. What is the greatest common divisor of y and x?
7
Let i be 2/(((-4)/840)/(-1)). Suppose -2*y + 2*n + i = -3*n, 3*n = -6. What is the highest common divisor of y and 82?
41
Let v be (63/9 + 26)*3. What is the greatest common divisor of 9 and v?
9
Suppose 4*t - 83 = j, -3*t + 41 = -j - 4*j. Let c be 5/((-55)/66)*-33. What is the greatest common factor of t and c?
22
Suppose -4*s + 4*r + 156 + 36 = 0, -5*s - r = -246. Let p be 1*(0 - (-21)/3). What is the greatest common divisor of p and s?
7
Suppose -20*f + 120 = -16*f + 2*d, 2*f - d - 60 = 0. Suppose 3*q = -26 + 206. Calculate the greatest common divisor of q and f.
30
Suppose 0 = -4*l - 3*k + 7, l + 0*l - 3*k = 13. Suppose -3*c - 3*w + 3 = -30, -44 = -l*c - 2*w. Calculate the greatest common divisor of c and 11.
11
Let n(g) = g**3 + 11*g**2 + 9*g + 14. Suppose -o - 4*o - 30 = 0. Let d be o + -1 + (2 - 5). Let b be n(d). Calculate the greatest common divisor of 16 and b.
8
Let c(x) = 6*x**2 - 7*x + 7. Let z = -9 - -2. Let o be c(z). Let a be 2/6 - o/(-30). What is the greatest common factor of a and 48?
12
Let o be (2 + -1)*(85 + 3). Let j be (-2)/(8/(-4)) + 3 + 7. What is the highest common divisor of o and j?
11
Let q be 21 - (2 + 2 + -2). Suppose 0 = 5*j - 379 - 2676. Suppose -5*z + 2*v + 754 = 